 - 191. Calculate c(-161).
-30
Let r(j) = -2005*j + 29573. Calculate r(15).
-502
Let i(m) = 5*m**2 + 1969*m - 59521. Calculate i(-422).
-19
Let m(y) = -1689*y + 15183. What is m(9)?
-18
Let g(f) = -3*f**3 - 295*f**2 + 201*f + 560. Calculate g(-99).
263
Let q(h) = 6*h**2 - 82*h + 426. Determine q(22).
1526
Let i(y) = 2*y**2 - 2784*y + 212499. What is i(81)?
117
Let i(d) = 15*d**2 + 13*d - 131. Determine i(-9).
967
Let r(x) = 840*x**2 + 65542*x + 1705. What is r(-78)?
-11
Let n(w) = w**3 - 5*w**2 + 156*w - 4587. Determine n(15).
3
Let w(b) = -5149*b + 576064. What is w(112)?
-624
Let r(s) = -2*s**3 - 201*s**2 - 5195*s - 28945. Calculate r(-30).
5
Let r(f) = -f**3 - 402*f**2 - 1207*f - 4011. What is r(-399)?
-21
Let d(j) = 10*j**3 - 2360*j**2 + 4*j - 1028. Determine d(236).
-84
Let d(g) = -145*g**2 + 53*g + 355. What is d(-5)?
-3535
Let g(b) = b**3 - 112*b**2 + 2876*b + 1703. Determine g(41).
268
Let q(j) = 5*j**2 + 26*j - 418. Give q(8).
110
Let b(x) = -1267*x + 2584. Determine b(1).
1317
Let n(j) = j**2 + 75*j - 8476. Determine n(62).
18
Let g(x) = 3*x**2 + 2041*x + 133545. Give g(-607).
5
Let x(a) = -1375*a - 9718. Give x(-7).
-93
Let s(m) = -m**3 + 21*m**2 - 39*m - 114. Calculate s(10).
596
Let k(g) = g**2 - 4621*g + 46095. Determine k(10).
-15
Let c(r) = 160*r + 1568. Determine c(-5).
768
Let i(n) = 24940*n + 299275. Calculate i(-12).
-5
Let u(d) = -13535*d + 446675. Calculate u(33).
20
Let y(t) = -23*t**2 - 1773*t - 829. Give y(-80).
-6189
Let i(z) = 139*z - 4715. Give i(33).
-128
Let s(y) = -y**3 + 53*y**2 - 291*y + 66. Give s(6).
12
Let t(x) = 15*x**2 + 26577*x - 26577. Determine t(1).
15
Let l(z) = 58*z**2 - 11772*z - 402. Calculate l(203).
4
Let t(i) = 860*i - 4046. What is t(4)?
-606
Let g(v) = 10101*v - 90230. Determine g(9).
679
Let n(x) = -6323249*x - 37939494. Determine n(-6).
0
Let h(j) = -53*j**2 - 232*j - 95. Determine h(-4).
-15
Let v(n) = -n**2 - 47*n + 1042. Calculate v(-61).
188
Let q(o) = o**2 + 5255*o + 474913. What is q(-92)?
-83
Let g(z) = -172*z - 26870. Calculate g(-153).
-554
Let g(m) = 3780*m + 49183. What is g(-13)?
43
Let l(c) = -c**3 - 161*c**2 - 3058*c + 141. Give l(-139).
141
Let h(c) = -1376*c - 208184. Determine h(-151).
-408
Let l(q) = -q**3 - 66*q**2 + 987*q + 11570. What is l(-8)?
-38
Let p(l) = -l**3 - 7*l**2 + 1814*l - 797. Calculate p(39).
-17
Let b(n) = -2*n**3 + 699*n**2 - 1730*n - 1747. Calculate b(347).
-12
Let l(i) = -668*i + 7948. Calculate l(9).
1936
Let g(u) = -3*u**3 + 331*u**2 - 3244*u - 321. Give g(11).
53
Let n(s) = 12833*s + 38359. Calculate n(-3).
-140
Let r(w) = -2*w**2 + 1293*w - 161380. What is r(169)?
15
Let c(p) = -4366*p - 44001. Determine c(-10).
-341
Let z(p) = -217*p + 10537. Give z(47).
338
Let m(f) = f**2 + 4698*f + 2818361. Determine m(-706).
9
Let o(j) = 2*j**2 - 496*j - 12482. Give o(-23).
-16
Let c(i) = -i**2 + 172*i - 7294. Give c(83).
93
Let y(o) = 11*o**2 + 800*o + 1593. Give y(-2).
37
Let z(y) = 38*y**2 - 530*y - 11869. What is z(-12)?
-37
Let v(c) = -3324*c + 6085. Determine v(2).
-563
Let x(w) = -44*w**2 - 2325*w - 79. What is x(-53)?
-450
Let b(d) = -7*d**2 - 356*d + 1840. What is b(5)?
-115
Let r(j) = 2*j**3 + 51*j**2 - 7*j - 765. Determine r(-24).
1131
Let l(y) = 23674*y + 118628. Give l(-5).
258
Let x(q) = 2552*q - 142936. Determine x(56).
-24
Let p(n) = 66340*n + 265351. Determine p(-4).
-9
Let c(y) = -3*y**2 + 692*y + 2800. Calculate c(-4).
-16
Let b(i) = i**3 + 104*i**2 - 3895*i - 405046. Give b(-104).
34
Let r(k) = -k**2 + 1751*k + 41413. What is r(-23)?
611
Let d(h) = -h**3 - 171*h**2 + 5785*h - 3004. What is d(-200)?
-4
Let s(x) = 32*x**2 - 223*x + 580. Determine s(7).
587
Let s(l) = -l**2 - 134*l + 334225. Determine s(515).
-10
Let g(r) = 2*r**2 + 102*r + 1376. Determine g(-34).
220
Let i(r) = 69598*r - 69591. Give i(1).
7
Let f(u) = u**3 - 8*u**2 - 1830*u + 5538. Determine f(3).
3
Let p(z) = -z**2 + 99*z - 1525. Give p(63).
743
Let r(c) = c**3 - 48*c**2 - 2716*c + 11570. What is r(4)?
2
Let v(m) = 22*m**2 - 16*m + 68. Give v(7).
1034
Let v(i) = 2834*i - 8812. Determine v(3).
-310
Let v(c) = -3*c**2 - 21996*c + 1151903. Determine v(52).
-1
Let h(t) = 11*t + 391. What is h(-9)?
292
Let r(k) = -k**2 + 3097*k - 42981. What is r(14)?
181
Let s(l) = 40*l**3 + 23*l**2 - 45*l + 20. Give s(1).
38
Let f(d) = -27279*d - 1172998. Determine f(-43).
-1
Let j(l) = 324*l - 3848. Calculate j(8).
-1256
Let z(x) = -2*x**2 - 37686*x + 867831. What is z(23)?
-5
Let m(q) = 44*q**3 + 1975*q**2 - 236*q - 477. Give m(-45).
18
Let t(y) = 7*y**2 + 500*y + 143. What is t(-71)?
-70
Let o(n) = -13790*n - 262021. Give o(-19).
-11
Let h(c) = c**2 - 10638*c - 159793. Calculate h(-15).
2
Let x(z) = 96*z - 12. Give x(5).
468
Let x(j) = j**3 - 23*j**2 - 1246*j - 1141. Determine x(-25).
9
Let z(r) = -596*r + 116369. Give z(195).
149
Let t(u) = -16*u**3 + 240*u**2 - 148*u + 2214. Determine t(15).
-6
Let q(t) = -17*t**2 - 40563*t - 1164352. What is q(-2357)?
6
Let s(d) = -1840*d - 29274. Determine s(-16).
166
Let n(o) = -389*o + 86690. Calculate n(222).
332
Let t(h) = -h**3 + 4*h**2 + 202*h - 2291. Determine t(15).
-1736
Let m(s) = s**3 - 121*s**2 - 1492*s + 180531. What is m(121)?
-1
Let z(w) = 8*w**3 - 76*w**2 + 31*w + 119. Give z(9).
74
Let j(k) = -628994*k - 130830753. What is j(-208)?
-1
Let k(x) = -8*x**2 + 24496*x - 97864. Calculate k(4).
-8
Let d(i) = 440*i - 20764. Determine d(48).
356
Let r(l) = -l**2 - 11*l + 89. Give r(7).
-37
Let s(f) = -8*f**2 - 134*f - 93. Calculate s(-24).
-1485
Let z(h) = -2*h**3 + 185*h**2 + 323*h - 21391. What is z(93)?
-1
Let z(c) = -98*c + 11179. Calculate z(114).
7
Let x(i) = 6*i**2 + 729*i - 6597. Give x(-130).
33
Let n(r) = -r**3 + 62*r**2 - 961*r - 84. Determine n(31).
-84
Let o(k) = -2*k**3 - 24*k**2 - 21*k - 1007. Calculate o(-17).
2240
Let v(p) = -1991*p + 13474. Give v(7).
-463
Let l(x) = -10467*x + 4144913. What is l(396)?
-19
Let d(g) = 1284*g + 33350. Give d(-26).
-34
Let l(o) = 98714*o + 4244709. Determine l(-43).
7
Let s(l) = -14*l**2 - 26*l + 2038. Determine s(-13).
10
Let y(k) = 22*k**2 + 1985*k + 473. Give y(-90).
23
Let l(m) = -2*m**2 + 18395*m + 1596776. Calculate l(-86).
14
Let a(g) = g**3 - 96*g**2 + 197*g - 928. Determine a(94).
-82
Let t(q) = -q**2 - 32627*q + 1110471. Calculate t(34).
-3
Let g(b) = 3*b**2 + 690*b + 1390. Determine g(-2).
22
Let j(x) = -393*x**2 - 10392*x - 61696. What is j(-9)?
-1
Let q(h) = -1396*h**3 - 13*h**2 + 12*h + 2. Calculate q(1).
-1395
Let l(k) = 333*k**3 - 2*k**2 + 8*k - 114. Determine l(0).
-114
Let l(n) = -407*n**2 + 118*n - 240. Determine l(2).
-1632
Let o(a) = 1350*a - 9452. What is o(7)?
-2
Let g(w) = -24*w + 1365. What is g(8)?
1173
Let f(q) = 9330*q + 308058. Calculate f(-33).
168
Let v(g) = 197156*g - 197158. Calculate v(1).
-2
Let q(x) = x**2 + 3114*x - 298228. Determine q(93).
23
Let c(t) = 23840*t - 1120513. Determine c(47).
-33
Let o(q) = -1271*q + 27775. Give o(23).
-1458
Let a(x) = x**3 + 84*x**2 + 491*x + 43. Determine a(-78).
-1751
Let p(l) = -l**3 + 39*l**2 - 314*l - 518. Determine p(26).
106
Let q(l) = l**3 + 248*l**2 - 276*l + 56038. Determine q(-250).
38
Let q(b) = b**3 + 469*b**2 + 3653*b - 16139. What is q(-461)?
-4
Let r(x) = -90*x**2 - 9196*x + 27588. Give r(3).
-810
Let m(z) = 3*z**3 + 92*z**2 - 53*z - 280. Determine m(-31).
402
Let f(p) = p**3 - 9*p**2 + 5770*p - 23008. Determine f(4).
-8
Let j(v) = -75*v**3 - 3375*v**2 + 26*v + 1225. Determine j(-45).
55
Let v(w) = w**2 - 241*w + 11376. Calculate v(56).
1016
Let q(j) = 1304*j + 372934. Give q(-286).
-10
Let q(t) = -112*t**2 - 23*t - 199. Calculate q(-5).
-2884
Let h(k) = -85018*k + 2210466. Give h(26).
-2
Let b(m) = m**2 - 620*m + 19900. Calculate b(34).
-24
Let w(t) = -t**3 - 129*t**2 - 4055*t + 3560. Calculate w(-72).
32
Let o(x) = -x**3 + 17*x**2 - 33*x + 430. Determine o(17).
-131
Let g(x) = x**2 + 775*x + 99298. Calculate g(-162).
-8
Let g(o) = -279*o**2 + 847*o + 5. What is g(3)?
35
Let h(j) = j**3 + 53*j**2 - 723*j + 175. What is h(11)?
-34
Let g(d) = d**3 + 196*d**2 - 3165*d + 4. What is g(-211)?
4
Let g(a) = 502*a - 1328. Give g(2).
-324
Let c(i) = i**3 + 107*i**2 + 1297*i - 406. Determine c(-93).
59
Let m(w) = w**2 + 285*w + 19014. What is m(-112)?
-362
Let g(f) = 4*f**2 - 517*f + 67. Give g(0).
67
Let s(g) = g**2 + 1